3
In base 16, what is -78c5ed6 + -3?
-78c5ed9
In base 5, what is -12202323 + -1101?
-12203424
In base 3, what is 1110220221020 - 211?
1110220220102
In base 3, what is 22122 - -120221202020?
120222001212
In base 4, what is -121023023100 + 1021?
-121023022013
In base 2, what is 1101 - 100011010011011001011011101?
-100011010011011001011010000
In base 2, what is -1011011100100001000000000010 + -11?
-1011011100100001000000000101
In base 15, what is -5de - -17ed?
120e
In base 16, what is 53e509 + 3?
53e50c
In base 3, what is -212111200111000 + -11?
-212111200111011
In base 6, what is -25215 + -524240?
-553455
In base 11, what is -128a0 + 31?
-1286a
In base 5, what is 1 + 10340212103?
10340212104
In base 2, what is -111000 + 10000110001011010?
10000110000100010
In base 12, what is 34 - 794380?
-794348
In base 12, what is -19821 - -4315?
-15508
In base 2, what is -110011 - 11011110100001010?
-11011110100111101
In base 9, what is -36 - -7002734?
7002687
In base 7, what is -322136 + 133?
-322003
In base 12, what is 1656b26 - 13?
1656b13
In base 4, what is -3320110333021 - -3?
-3320110333012
In base 2, what is -10001011100110011010101110011 - 11?
-10001011100110011010101110110
In base 7, what is 1230505 - -2240?
1233045
In base 5, what is -2 + 13243034103?
13243034101
In base 6, what is -1 - -3125312231?
3125312230
In base 15, what is -2eb + bc4e?
b953
In base 12, what is -91a306a1 - -2?
-91a3069b
In base 7, what is -21 + -333633?
-333654
In base 9, what is -4053637 - 6?
-4053644
In base 15, what is b5 - 1045a?
-10395
In base 3, what is -2120202010 - 121022?
-2121100102
In base 3, what is 1 - 1000101122212?
-1000101122211
In base 9, what is -1337254 - -11?
-1337243
In base 15, what is -3 + 5bc2b4?
5bc2b1
In base 14, what is 83 - -419b5?
41a58
In base 12, what is 2668 + 8b671?
92119
In base 7, what is -3362 + 1246332?
1242640
In base 5, what is -22120322 - 41123?
-22212000
In base 10, what is -12382687 - -7?
-12382680
In base 9, what is 7 - -17161003?
17161011
In base 16, what is 186c + -5f0?
127c
In base 7, what is 453625424 + -5?
453625416
In base 16, what is -e21 - 10580?
-113a1
In base 13, what is -3 + -40c5c?
-40c62
In base 12, what is -1172b54 - 32?
-1172b86
In base 16, what is 2237 - 53c?
1cfb
In base 6, what is -321340300 - -1?
-321340255
In base 16, what is -b525a24 - -5?
-b525a1f
In base 15, what is -15ea - b5e?
-2259
In base 6, what is -3325541 - 133?
-3330114
In base 13, what is 12075a4 + 0?
12075a4
In base 11, what is -63 + 119934?
119881
In base 14, what is -d4d589 + b?
-d4d57c
In base 12, what is -1 - -1272312?
1272311
In base 6, what is 21343200 - 12?
21343144
In base 4, what is -112122 + 1313022223?
1312310101
In base 12, what is 2 + 88aa9b?
88aaa1
In base 10, what is -78 - 2612799?
-2612877
In base 14, what is 464497 - -4?
46449b
In base 3, what is -1020022 + -21221211?
-100012010
In base 2, what is -10101101001010001110 + -10010?
-10101101001010100000
In base 7, what is -1363122404 - -2?
-1363122402
In base 11, what is 778 + -5134?
-4467
In base 15, what is 1ac9d1 - 47?
1ac989
In base 13, what is 1b936 + -690?
1b276
In base 12, what is -6b5407 + 2?
-6b5405
In base 4, what is -201030113310 + 220?
-201030113030
In base 3, what is 10011121 + 22012211?
102101102
In base 14, what is -11d509 + 10?
-11d4d9
In base 14, what is -c1 - 177ac?
-1788d
In base 7, what is -233226 - 13606?
-250135
In base 3, what is -10101002 + 1221010?
-1102222
In base 16, what is -fe + -173a6?
-174a4
In base 16, what is -3 - -111fa0d?
111fa0a
In base 7, what is -30001 - -4656?
-22012
In base 14, what is 3 - 1b561d20?
-1b561d1b
In base 5, what is -130 + 31133?
31003
In base 6, what is 343032 + -40420?
302212
In base 16, what is -13 + -c8c96?
-c8ca9
In base 8, what is 17 + 3621?
3640
In base 9, what is 3444871 + -17?
3444853
In base 8, what is -160367343 + 2?
-160367341
In base 11, what is 136842 + -16?
136827
In base 9, what is 86050 - -1030?
87080
In base 16, what is 5443f + 4f?
5448e
In base 4, what is -1210210111320 - -2?
-1210210111312
In base 10, what is 83 + 11688?
11771
In base 9, what is -154 - 1066277?
-1066442
In base 13, what is -46694 - -3c3?
-462a1
In base 13, what is -564 + -878c?
-9023
In base 10, what is -47116 - -2528?
-44588
In base 11, what is -4730 + 31820?
280a0
In base 7, what is 151 - -106136?
106320
In base 3, what is 102100 + 112110101?
112212201
In base 14, what is d6c2dc - -5?
d6c303
In base 6, what is -32241330 - 15?
-32241345
In base 2, what is 100110010011111000 + -1110?
100110010011101010
In base 6, what is 11105340 + 235?
11110015
In base 2, what is 10 + -10000011010011011011000?
-10000011010011011010110
In base 3, what is -1020100212010 + 20?
-1020100211220
In base 6, what is 153430 + -2100?
151330
In base 13, what is -9959b2 + -a?
-9959bc
In base 14, what is -1612c + -6d?
-1619b
In base 8, what is -106 - -4025347?
4025241
In base 15, what is 2ebcc1 - 3?
2ebcbd
In base 7, what is -106565613120 + -2?
-106565613122
In base 2, what is -11000011000000 + 111010100101111?
100010001101111
In base 12, what is 19124a - 4?
191246
In base 4, what is -110030 - -113222103?
113112013
In base 15, what is -daadec1 + -3?
-daadec4
In base 15, what is -51 + bb47?
bae6
In base 10, what is -602516 - 40?
-602556
In base 16, what is -15d9 + -1119?
-26f2
In base 12, what is -27b876 - 1?
-27b877
In base 8, what is -7540130615 + -3?
-7540130620
In base 6, what is 140322 + -111?
140211
In base 9, what is -118625 + 10?
-118615
In base 8, what is 2 - -10613667?
10613671
In base 3, what is 202102022121102211 + 0?
202102022121102211
In base 2, what is 1000011000101 - 100110101?
111110010000
In base 14, what is cd793 + -7?
cd78a
In base 16, what is -ae - 8d2a5?
-8d353
In base 10, what is 25366258 + 1?
25366259
In base 8, what is 47 + -10313664?
-10313615
In base 8, what is 12 - -13262274?
13262306
In base 13, what is 186269b + -17?
1862684
In base 12, what is 5 - -a5583?
a5588
In base 6, what is 110 - -20412110?
20412220
In base 7, what is -1125 + 6002?
4544
In base 16, what is -5ab0f - -17f?
-5a990
In base 3, what is 11 - 11110102100101?
-11110102100020
In base 14, what is -3a22b17 - -5?
-3a22b12
In base 5, what is -10 - -2013114423?
2013114413
In base 7, what is -12652 + 121?
-12531
In base 8, what is 376637557 - 4?
376637553
In base 6, what is 453111102 + 1?
453111103
In base 15, what is 0 + 3066ee8?
3066ee8
In base 2, what is -1010011010001111011000 - -1111?
-1010011010001111001001
In base 7, what is 542032 - -21?
542053
In base 10, what is -3004 - 42861?
-45865
In base 15, what is d519e + 3d?
d51dc
In base 5, what is 33303 + -1231002?
-1142144
In base 8, what is -123304310 + 2?
-123304306
In base 14, what is -2 - 169066?
-169068
In base 4, what is 1201031331 + 2110?
1201100101
In base 10, what is 12 - -145974?
145986
In base 15, what is -3c0 - 184c3?
-18893
In base 2, what is 1100000100001 - -11001010111?
1111001111000
In base 9, what is 6725303 - 16?
6725276
In base 5, what is 2 - 10312303443?
-10312303441
In base 10, what is -41916637 + -2?
-41916639
In base 13, what is -11c07 - 33?
-11c3a
In base 11, what is 4 - 34413200?
-344131a7
In base 8, what is 1251 - 236133?
-234662
In base 7, what is 136 + 426613?
430052
In base 7, what is -3 - -521515344?
521515341
In base 13, what is 494b133 - -8?
494b13b
In base 7, what is 35043 - 411?
34332
In base 14, what is -2403c + 419?
-23a23
In base 15, what is -1939d55 - 1?
-1939d56
In base 7, what is -4 - -10514203222?
10514203215
In base 4, what is 11 - -230120112?
230120123
In base 12, what is -39228 + -349?
-39575
In base 15, what is cad59 - -1dc?
cb046
In base 10, what is 341 - -7604?
7945
In base 5, what is 3 + 4400023133?
4400023141
In base 16, what is 4988da + 5?
4988df
In base 10, what is 1089 + 25605?
26694
In base 12, what is 330 + -45130?
-44a00
In base 15, what is 64b906c - -1?
64b906d
In base 9, what is 0 - -1533620?
1533620
In base 16, what is -857e + 60?
-851e
In base 4, what is -1011133112 + -1030203?
-1012223321
In base 2, what is -10100110111 - -100000001011010?
11101100100011
In base 7, what is -14100310 - 10?
-14100320
In base 8, what is -40 + -30265506?
-30265546
In base 7, what is 255512 + 5510?
264322
In base 6, what is 11 + 204353244?
204353255
In base 7, what is 24521 - 454636?
-430115
In base